{"id":2291,"date":"2025-02-02T14:29:05","date_gmt":"2025-02-02T13:29:05","guid":{"rendered":"https:\/\/www.opremi-delavnico.si\/?post_type=product&#038;p=2291"},"modified":"2025-09-21T06:22:48","modified_gmt":"2025-09-21T04:22:48","slug":"hidravlicna-stiskalnica-presa-30t-easytech","status":"publish","type":"product","link":"https:\/\/www.opremi-delavnico.si\/?product=hidravlicna-stiskalnica-presa-30t-easytech","title":{"rendered":"Hidravli\u010dna stiskalnica \u2026"},"content":{"rendered":"<p><span style=\"color: #515151;\">Vrhunska pre\u0161a italijanske znamke APAC-pionir v dvi\u017eni tehniki in hidravli\u010dnem orodju.<\/span><br style=\"color: #515151;\" \/><span style=\"color: #515151;\">Easy tech je njihova podznamka.<\/span><br style=\"color: #515151;\" \/><span style=\"color: #515151;\">MODEL:1655ET<\/span><\/p>\n","protected":false},"excerpt":{"rendered":"<p>30-tonska pre\u0161a<\/p>\n","protected":false},"featured_media":2294,"comment_status":"open","ping_status":"closed","template":"","meta":[],"product_brand":[89],"product_cat":[97],"product_tag":[146,145,143,144],"class_list":{"0":"post-2291","1":"product","2":"type-product","3":"status-publish","4":"has-post-thumbnail","6":"product_brand-apac","7":"product_cat-hidravlicne-stiskalnice-prese","8":"product_tag-30-ton","9":"product_tag-apac-2","10":"product_tag-hidravlicna-stiskalnica","11":"product_tag-presa","13":"first","14":"instock","15":"taxable","16":"shipping-taxable","17":"purchasable","18":"product-type-simple"},"_links":{"self":[{"href":"https:\/\/www.opremi-delavnico.si\/index.php?rest_route=\/wp\/v2\/product\/2291","targetHints":{"allow":["GET"]}}],"collection":[{"href":"https:\/\/www.opremi-delavnico.si\/index.php?rest_route=\/wp\/v2\/product"}],"about":[{"href":"https:\/\/www.opremi-delavnico.si\/index.php?rest_route=\/wp\/v2\/types\/product"}],"replies":[{"embeddable":true,"href":"https:\/\/www.opremi-delavnico.si\/index.php?rest_route=%2Fwp%2Fv2%2Fcomments&post=2291"}],"version-history":[{"count":0,"href":"https:\/\/www.opremi-delavnico.si\/index.php?rest_route=\/wp\/v2\/product\/2291\/revisions"}],"wp:featuredmedia":[{"embeddable":true,"href":"https:\/\/www.opremi-delavnico.si\/index.php?rest_route=\/wp\/v2\/media\/2294"}],"wp:attachment":[{"href":"https:\/\/www.opremi-delavnico.si\/index.php?rest_route=%2Fwp%2Fv2%2Fmedia&parent=2291"}],"wp:term":[{"taxonomy":"product_brand","embeddable":true,"href":"https:\/\/www.opremi-delavnico.si\/index.php?rest_route=%2Fwp%2Fv2%2Fproduct_brand&post=2291"},{"taxonomy":"product_cat","embeddable":true,"href":"https:\/\/www.opremi-delavnico.si\/index.php?rest_route=%2Fwp%2Fv2%2Fproduct_cat&post=2291"},{"taxonomy":"product_tag","embeddable":true,"href":"https:\/\/www.opremi-delavnico.si\/index.php?rest_route=%2Fwp%2Fv2%2Fproduct_tag&post=2291"}],"curies":[{"name":"wp","href":"https:\/\/api.w.org\/{rel}","templated":true}]}}